401, 1061
List the prime factors of 161045.
5, 31, 1039
List the prime factors of 2767910.
2, 5, 41, 43, 157
List the prime factors of 626987.
626987
What are the prime factors of 12541628?
2, 11, 149, 1913
List the prime factors of 8019683.
7, 103, 227
List the prime factors of 363878.
2, 31, 5869
List the prime factors of 3028619.
11, 19, 43, 337
List the prime factors of 93707.
83, 1129
List the prime factors of 4169534.
2, 2084767
What are the prime factors of 7720208?
2, 482513
List the prime factors of 30084752.
2, 19, 98963
List the prime factors of 11098479.
3, 7, 443, 1193
List the prime factors of 60968.
2, 7621
List the prime factors of 19205483.
11, 23, 67, 103
What are the prime factors of 1751792?
2, 7, 15641
What are the prime factors of 13361698?
2, 7, 421, 2267
List the prime factors of 970970.
2, 5, 7, 11, 13, 97
List the prime factors of 213842.
2, 106921
List the prime factors of 208130.
2, 5, 13, 1601
What are the prime factors of 4920245?
5, 11, 89459
What are the prime factors of 13251761?
821, 16141
What are the prime factors of 1068981?
3, 356327
List the prime factors of 897915.
3, 5, 31, 1931
What are the prime factors of 3850458?
2, 3, 59, 73, 149
List the prime factors of 26697943.
1061, 25163
What are the prime factors of 126162?
2, 3, 43, 163
List the prime factors of 3437258.
2, 11, 23, 6793
List the prime factors of 10214033.
10214033
List the prime factors of 166865.
5, 23, 1451
What are the prime factors of 33225277?
113, 294029
List the prime factors of 514380.
2, 3, 5, 8573
List the prime factors of 213473.
13, 16421
List the prime factors of 910474.
2, 455237
What are the prime factors of 1671081?
3, 557027
What are the prime factors of 265322?
2, 132661
What are the prime factors of 1288516?
2, 131, 2459
What are the prime factors of 325308?
2, 3, 27109
List the prime factors of 294193.
23, 12791
What are the prime factors of 977993?
17, 57529
List the prime factors of 121834.
2, 60917
What are the prime factors of 243753?
3, 31, 2621
What are the prime factors of 10421216?
2, 13, 41, 47
What are the prime factors of 17201412?
2, 3, 103, 4639
What are the prime factors of 9832907?
7, 41, 34261
List the prime factors of 237490.
2, 5, 11, 17, 127
List the prime factors of 218550.
2, 3, 5, 31, 47
List the prime factors of 903297.
3, 277, 1087
What are the prime factors of 374361?
3, 13, 29, 331
What are the prime factors of 11671228?
2, 47, 62081
List the prime factors of 1938661.
73, 26557
List the prime factors of 77371.
7, 1579
List the prime factors of 241118.
2, 31, 3889
What are the prime factors of 1957932?
2, 3, 6043
What are the prime factors of 4572112?
2, 285757
List the prime factors of 2361870.
2, 3, 5, 7, 23, 163
List the prime factors of 1519375.
5, 11, 13, 17
What are the prime factors of 1668475?
5, 66739
List the prime factors of 1586600.
2, 5, 7933
List the prime factors of 315068.
2, 13, 73, 83
List the prime factors of 4964593.
449, 11057
What are the prime factors of 837440?
2, 5, 2617
List the prime factors of 636916.
2, 7, 23, 43
List the prime factors of 48366.
2, 3, 2687
List the prime factors of 2122.
2, 1061
What are the prime factors of 17063805?
3, 5, 11, 19, 5443
What are the prime factors of 14151951?
3, 11, 142949
List the prime factors of 45908.
2, 23, 499
List the prime factors of 1336586.
2, 47, 59, 241
What are the prime factors of 1428263?
31, 46073
What are the prime factors of 13974984?
2, 3, 23, 29, 97
List the prime factors of 75727.
41, 1847
What are the prime factors of 120423?
3, 137, 293
What are the prime factors of 182123?
182123
What are the prime factors of 335464?
2, 19, 2207
What are the prime factors of 25549575?
3, 5, 340661
What are the prime factors of 732821?
193, 3797
What are the prime factors of 1420615?
5, 7, 37, 1097
What are the prime factors of 2445610?
2, 5, 244561
What are the prime factors of 44045?
5, 23, 383
What are the prime factors of 733176?
2, 3, 17, 599
List the prime factors of 670892.
2, 179, 937
What are the prime factors of 560377?
499, 1123
List the prime factors of 2407981.
1409, 1709
List the prime factors of 3380032.
2, 52813
What are the prime factors of 2275248?
2, 3, 107, 443
What are the prime factors of 151484?
2, 37871
What are the prime factors of 2536561?
2536561
List the prime factors of 6643295.
5, 359, 3701
What are the prime factors of 446781?
3, 148927
What are the prime factors of 2030064?
2, 3, 42293
What are the prime factors of 5207592?
2, 3, 13, 16691
List the prime factors of 109198.
2, 71, 769
What are the prime factors of 1364898?
2, 3, 109, 2087
List the prime factors of 9291223.
29, 320387
List the prime factors of 213204.
2, 3, 109, 163
What are the prime factors of 13376923?
7, 1910989
List the prime factors of 12726907.
12726907
List the prime factors of 1262564.
2, 439, 719
List the prime factors of 700935.
3, 5, 83, 563
What are the prime factors of 96550?
2, 5, 1931
List the prime factors of 7158453.
3, 73, 32687
List the prime factors of 335229.
3, 131, 853
What are the prime factors of 4399939?
4399939
What are the prime factors of 5047001?
47, 73, 1471
List the prime factors of 3389186.
2, 179, 9467
List the prime factors of 152181.
3, 37, 457
What are the prime factors of 870940?
2, 5, 7, 6221
What are the prime factors of 357028?
2, 7, 41, 311
List the prime factors of 5351643.
3, 11, 37, 487
List the prime factors of 42991.
13, 3307
What are the prime factors of 393398?
2, 196699
List the prime factors of 339765.
3, 5, 22651
List the prime factors of 2110062.
2, 3, 401, 877
What are the prime factors of 720228?
2, 3, 47, 1277
List the prime factors of 7813406.
2, 67, 58309
What are the prime factors of 411799?
411799
List the prime factors of 119982.
2, 3, 19997
What are the prime factors of 21461922?
2, 3, 17, 7793
What are the prime factors of 5484714?
2, 3, 89, 10271
List the prime factors of 7187.
7187
List the prime factors of 4405618.
2, 7, 17, 107, 173
What are the prime factors of 303318?
2, 3, 41, 137
List the prime factors of 256073.
163, 1571
What are the prime factors of 6453357?
3, 2151119
What are the prime factors of 814353?
3, 271451
What are the prime factors of 25105798?
2, 59, 137, 1553
What are the prime factors of 18770333?
41, 457813
What are the prime factors of 80898?
2, 3, 97, 139
List the prime factors of 380992.
2, 5953
List the prime factors of 3079505.
5, 11, 13, 59, 73
List the prime factors of 110663.
7, 15809
List the prime factors of 946805.
5, 189361
What are the prime factors of 22738?
2, 11369
List the prime factors of 2025668.
2, 506417
List the prime factors of 12872936.
2, 31, 51907
What are the prime factors of 5192406?
2, 3, 288467
List the prime factors of 2106547.
23, 67, 1367
What are the prime factors of 897734?
2, 448867
List the prime factors of 5589181.
13, 429937
What are the prime factors of 26307360?
2, 3, 5, 18269
List the prime factors of 382090.
2, 5, 19, 2011
What are the prime factors of 12327957?
3, 152197
List the prime factors of 16619956.
2, 37, 112297
List the prime factors of 20538290.
2, 5, 281, 7309
List the prime factors of 9596401.
9596401
What are the prime factors of 29826837?
3, 23, 89, 1619
List the prime factors of 311498.
2, 11, 14159
What are the prime factors of 431249?
7, 13, 677
What are the prime factors of 14793020?
2, 5, 11, 19, 3539
What are the prime factors of 1417903?
41, 34583
What are the prime factors of 5208480?
2, 3, 5, 3617
What are the prime factors of 835189?
43, 19423
What are the prime factors of 20222264?
2, 683, 3701
List the prime factors of 115876.
2, 59, 491
What are the prime factors of 38928397?
19, 23, 229, 389
List the prime factors of 234051.
3, 78017
What are the prime factors of 3774619?
61, 61879
What are the prime factors of 163104?
2, 3, 1699
What are the prime factors of 1025613?
3, 113957
What are the prime factors of 142042?
2, 29, 31, 79
What are the prime factors of 226055?
5, 29, 1559
What are the prime factors of 8791382?
2, 23, 383, 499
What are the prime factors of 5047366?
2, 73, 181, 191
List the prime factors of 356411.
11, 32401
What are the prime factors of 190905?
3, 5, 11, 13, 89
List the prime factors of 4548818.
2, 2274409
List the prime factors of 3615096.
2, 3, 